uppose 3*i + 12 = 0, -j = -0*i - 2*i. Let p be 185/10 - 12/j. What is the greatest common factor of 10 and p?
10
Suppose 0 = k - 7*k - 36. Let v be (8/(-10))/(k/135). What is the highest common factor of 30 and v?
6
Suppose -4*s + 27 = 11. Suppose 0 = s*l - 14 - 6. Calculate the greatest common divisor of l and 2.
1
Let w be ((-7)/4)/(2/4672*-4). Suppose -5*o + n = -w, o + n - 3*n = 199. Calculate the greatest common divisor of o and 82.
41
Let g = -2739 - -2775. Let t = -6 + 10. Suppose -v - 4*y + 40 = 4*v, 0 = -3*v + t*y + 56. What is the greatest common divisor of g and v?
12
Let g = -3 - 3. Let o be (-88)/g + -3 - (-4)/(-6). Calculate the highest common factor of o and 1.
1
Let m be 20 + ((0/5)/(-1))/(-3). Calculate the greatest common factor of 4 and m.
4
Let b(p) = -2*p**2 + 51*p + 2. Let w be b(22). What is the greatest common divisor of w and 273?
39
Let o be (-82)/(-4) + ((-2)/4)/(-1). What is the highest common factor of o and 168?
21
Suppose 4*j - 3*m - 156 = m, -2*m = -j + 36. Let h(u) = -25*u + 5. Let b be h(-4). Calculate the greatest common factor of b and j.
21
Let z(b) = 37*b + 4. Suppose 7*v = 5*v + 4. Let s be z(v). Suppose -5*a - s = -328. What is the greatest common divisor of 10 and a?
10
Let v = 36 - -219. What is the highest common divisor of 15 and v?
15
Let d = -40 + 42. Suppose 3*b + d*b - 3*o = 7, 4*o = -3*b + 10. What is the greatest common divisor of 22 and b?
2
Suppose 5*v - 68 = 3*v. Suppose -199 = -4*u - 4*q + 5*q, -5*u - 2*q + 265 = 0. What is the highest common factor of u and v?
17
Let p(l) = -4*l. Suppose 5*a + 8 = a - 2*t, -28 = 2*a - 5*t. Let h be p(a). Calculate the greatest common factor of 128 and h.
16
Let y = -4 - -5. Suppose 0 = -40*q + 35*q + 15. What is the greatest common factor of y and q?
1
Suppose -32*j + 806 = -j. Calculate the highest common divisor of j and 182.
26
Let p = -27 - -65. Let u = p + -27. Suppose w - 2*w = -11. What is the greatest common factor of w and u?
11
Suppose -l + 3*z + 15 = 0, -4*z + 2*z - 13 = -l. What is the highest common factor of l and 963?
9
Let w(l) = l**2 + 55. Let r be w(0). Calculate the highest common divisor of r and 275.
55
Let o(h) = h**3 + 8*h**2 + 8*h + 16. Let q be o(-7). What is the greatest common divisor of q and 405?
9
Suppose 26*s - 1716 = -18*s. Calculate the greatest common divisor of s and 117.
39
Let k(d) = 2*d**2 + 39*d - 22. Let s(n) = n**2 + 20*n - 11. Let a(l) = -6*k(l) + 11*s(l). Let z be a(-10). Calculate the highest common divisor of 17 and z.
17
Let c be (14/2 - 1) + -1. Suppose -2*t - 484 = -c*g + t, -g + 80 = 5*t. Suppose 0 = 5*f - 32*f + 1026. Calculate the greatest common divisor of f and g.
19
Suppose -53*k = -69*k + 864. What is the greatest common factor of 198 and k?
18
Suppose -4*z - 5*n = -420, -3*z + 160 + 155 = 4*n. Suppose z = 5*s - 4*s. Let a = s + -36. Calculate the greatest common divisor of a and 46.
23
Let h be ((-35)/21 - (-2)/12)*-60. What is the highest common divisor of 18 and h?
18
Let y = 192 + -184. Suppose -4*p = -5 + 1. Calculate the greatest common divisor of y and p.
1
Let n(p) = p**2 + 8*p - 1. Let s be n(-9). Let y(k) = -k**3 + 10*k**2 - 10*k + 15. Let o be y(s). Calculate the greatest common divisor of 7 and o.
7
Suppose 10*i = 61*i - 44064. What is the highest common factor of i and 270?
54
Let o(w) = -w**2 - 7*w. Let g be o(-7). Suppose g = -3*p + 68 - 317. Let u = p - -119. Calculate the highest common divisor of u and 4.
4
Let c(i) = -14*i + 11. Let s be c(0). Calculate the highest common divisor of 11 and s.
11
Let i(g) = g**3 - 6*g**2 + 8*g + 3. Let h be i(5). Calculate the highest common divisor of 144 and h.
18
Let l be 3/1 - 2 - -1. Suppose c + l = 7. Let u be (78 + -8)*6/c. Calculate the greatest common divisor of 12 and u.
12
Let k(s) = 3*s**2 + s**3 - 9*s + 9*s + 5*s**2 + 8. Let y be k(-8). Let j be ((-6)/(-4))/(-4 + 335/80). Calculate the greatest common divisor of j and y.
8
Let u = -67 + 70. Let k be 2992/51*u/2. Calculate the highest common factor of 11 and k.
11
Suppose 65*v - 90 = 62*v. Let b be (-4)/(-6) + 1240/v. Calculate the highest common divisor of b and 6.
6
Let d(h) = -h**2 - 7*h - 1. Let i be d(-6). Suppose 121*z - 130*z + 9 = 0. What is the highest common factor of z and i?
1
Suppose -2*k = -a - 2*a - 44, 4*a = 16. Let g(y) = -y**3 - 6*y**2 - 3*y + 14. Let v be g(-5). What is the highest common factor of v and k?
4
Suppose 2*x = 5*x + 216. Let w = x - -77. Calculate the highest common factor of w and 2.
1
Suppose -3*h - 9 = -q, q + 3*h = 6*q - 57. Let m be (-486)/12*10/(-15). Suppose 3*t - 12*t = -m. Calculate the greatest common divisor of q and t.
3
Suppose -151*y = -150*y - 180. Calculate the greatest common divisor of y and 40.
20
Let d be ((-9)/4)/((-1)/8). Suppose -3*u + 131 = -4*a + 43, 136 = 5*u - 4*a. Suppose 20*l = d*l + u. What is the highest common factor of l and 48?
12
Suppose 0 = 9*g - 22*g + 910. What is the highest common divisor of g and 35?
35
Suppose 0 = 2*l + g - 919, -23*l + 27*l - 3*g - 1863 = 0. Calculate the greatest common factor of 22 and l.
22
Let u(s) = -17*s**2 - 29 + s**3 - 19*s + 34 + 27. Let p be u(18). Calculate the highest common divisor of p and 4.
2
Let s be 1252/36 + 6/27. Calculate the greatest common factor of 7 and s.
7
Let p = 22 - 8. Suppose -5*v - 1 - p = 0. Let t be (-490)/(-21) - 2/v. Calculate the greatest common factor of 48 and t.
24
Let b(a) be the second derivative of -5*a**3/6 - a**2 + a. Let d be b(-10). Suppose -3*h - h = -d. What is the highest common divisor of 84 and h?
12
Let k(u) be the first derivative of 4*u**3/3 - u**2 - 2. Let q be k(2). Let m(b) = -2*b - 15. Let f be m(-9). What is the greatest common factor of f and q?
3
Let v(w) = 8*w**2 + 16*w - 50. Let o be v(8). Calculate the greatest common factor of o and 10.
10
Let y(c) = -8*c + 194. Let v be y(21). Calculate the greatest common divisor of 2 and v.
2
Suppose -4 = 3*u - 16. Suppose u*o - 2*m = 64, o - 2*o + 7 = 4*m. Let f = 21 - o. Calculate the greatest common divisor of 42 and f.
6
Suppose 2*a = 7*a + 15. Let h be (-2)/a - 20/30. Suppose h = -4*x + 5*j + 973, -x - 3*j - j = -238. What is the greatest common divisor of 22 and x?
22
Suppose 531*r - 126 = 524*r. What is the greatest common divisor of r and 27?
9
Suppose 230*u = 227*u + 480. What is the greatest common factor of 80 and u?
80
Suppose 4*g + 79 = 287. Let t be g/234 - (-1 - (-50)/(-18)). Calculate the highest common factor of t and 12.
4
Let q be (-2)/4*(-4483 - 1). Calculate the highest common factor of 38 and q.
38
Let s(o) = 4*o + 41. Let a be s(11). What is the highest common factor of 136 and a?
17
Suppose 2*o = -2 + 18. Let a be ((4 - 7) + o)*56/10. Calculate the greatest common factor of a and 14.
14
Suppose 4*y + 129 = 7*y. Suppose 8*p = y + 45. Calculate the greatest common divisor of p and 1.
1
Suppose 12*a = 11*a + 2. Let p(g) = g - 4 - a - 3 + 2. Let d be p(12). What is the greatest common factor of 10 and d?
5
Let d = 227 + -97. Calculate the greatest common divisor of d and 65.
65
Let d = -9 + 23. Suppose v = -0*v + 4*c - 1, -5*v + d = -c. Suppose j = v*j - 2. What is the highest common divisor of j and 4?
1
Suppose 2486 = 6*z + 2. Let p be (-1098)/(-24) + (-1)/(-4). Calculate the highest common divisor of z and p.
46
Let k = -10 + 15. Let a(z) = z**2 - 3*z - 5. Let x be a(k). Suppose x*i - 18 = -2*m, 6*m - m = -2*i + 66. What is the highest common divisor of m and 56?
14
Let v(q) = -q**2 + 7*q - 6. Let t(x) = x - 8. Let i be t(8). Let u be (i - -3)/(6/10). Let s be v(u). What is the highest common divisor of 44 and s?
4
Let p = -15 + 15. Suppose 25*z - 28*z + 165 = p. Calculate the highest common factor of z and 22.
11
Let y(l) = 51 - 37*l**2 + 9*l**2 - l - 12 + l**3 + 19. Let r be y(28). Calculate the greatest common divisor of r and 240.
30
Suppose 3*x - 77 = -7*p + 2*p, 121 = 5*x + p. What is the greatest common divisor of x and 30?
6
Suppose 49*l - 46*l = 39. What is the highest common divisor of 195 and l?
13
Suppose -55*r - 300 = -59*r. What is the greatest common divisor of 25 and r?
25
Suppose -56*m + 59*m = 78. What is the highest common factor of 949 and m?
13
Suppose -6*l = -2*s - 2498, -5*l = -0*l + 4*s - 2059. Calculate the highest common factor of l and 83.
83
L